{"id":4413,"date":"2023-06-12T16:50:31","date_gmt":"2023-06-12T16:50:31","guid":{"rendered":"https:\/\/devedkid.lojas-online.pt\/event\/002-kf-espanhol-iniciacao-25h-1-formacao-presencial-em-sala-turma\/"},"modified":"2023-06-14T15:47:37","modified_gmt":"2023-06-14T15:47:37","slug":"128-kfd-auxiliar-de-accao-medica-saude-b-learning-360h-6-formacao-em-b-learning-turma","status":"publish","type":"event_listing","link":"https:\/\/conclusao.pt\/portal\/event\/128-kfd-auxiliar-de-accao-medica-saude-b-learning-360h-6-formacao-em-b-learning-turma\/","title":{"rendered":"128\/KFD Auxiliar de Ac\u00e7\u00e3o M\u00e9dica\/Sa\u00fade (b-Learning) (360H) &#8211; 6 \u2013 Forma\u00e7\u00e3o em B-learning (turma)"},"content":{"rendered":"","protected":false},"featured_media":0,"template":"","meta":{"om_disable_all_campaigns":false,"_uag_custom_page_level_css":"","sfsi_plus_gutenberg_text_before_share":"","sfsi_plus_gutenberg_show_text_before_share":"","sfsi_plus_gutenberg_icon_type":"","sfsi_plus_gutenberg_icon_alignemt":"","sfsi_plus_gutenburg_max_per_row":"","site-sidebar-layout":"default","site-content-layout":"default","ast-global-header-display":"","ast-banner-title-visibility":"","ast-main-header-display":"","ast-hfb-above-header-display":"","ast-hfb-below-header-display":"","ast-hfb-mobile-header-display":"","site-post-title":"","ast-breadcrumbs-content":"","ast-featured-img":"","footer-sml-layout":"","theme-transparent-header-meta":"","adv-header-id-meta":"","stick-header-meta":"","header-above-stick-meta":"","header-main-stick-meta":"","header-below-stick-meta":""},"event_listing_category":[260],"event_listing_type":[],"class_list":["post-4413","event_listing","type-event_listing","status-publish","hentry","event_listing_category-saude"],"yoast_head":"<!-- This site is optimized with the Yoast SEO plugin v26.5 - https:\/\/yoast.com\/wordpress\/plugins\/seo\/ -->\n<title>128\/KFD Auxiliar de Ac\u00e7\u00e3o M\u00e9dica\/Sa\u00fade (b-Learning) (360H) - 6 \u2013 Forma\u00e7\u00e3o em B-learning (turma) - Conclus\u00e3o - Estudos e Forma\u00e7\u00e3o<\/title>\n<meta name=\"robots\" content=\"index, follow, max-snippet:-1, max-image-preview:large, max-video-preview:-1\" \/>\n<link rel=\"canonical\" href=\"https:\/\/conclusao.pt\/portal\/event\/128-kfd-auxiliar-de-accao-medica-saude-b-learning-360h-6-formacao-em-b-learning-turma\/\" \/>\n<meta property=\"og:locale\" content=\"pt_PT\" \/>\n<meta property=\"og:type\" content=\"article\" \/>\n<meta property=\"og:title\" content=\"128\/KFD Auxiliar de Ac\u00e7\u00e3o M\u00e9dica\/Sa\u00fade (b-Learning) (360H) - 6 \u2013 Forma\u00e7\u00e3o em B-learning (turma) - Conclus\u00e3o - Estudos e Forma\u00e7\u00e3o\" \/>\n<meta property=\"og:url\" content=\"https:\/\/conclusao.pt\/portal\/event\/128-kfd-auxiliar-de-accao-medica-saude-b-learning-360h-6-formacao-em-b-learning-turma\/\" \/>\n<meta property=\"og:site_name\" content=\"Conclus\u00e3o - Estudos e Forma\u00e7\u00e3o\" \/>\n<meta property=\"article:publisher\" content=\"https:\/\/www.facebook.com\/conclusaoformacao\/\" \/>\n<meta property=\"article:modified_time\" content=\"2023-06-14T15:47:37+00:00\" \/>\n<meta name=\"twitter:card\" content=\"summary_large_image\" \/>\n<script type=\"application\/ld+json\" class=\"yoast-schema-graph\">{\"@context\":\"https:\/\/schema.org\",\"@graph\":[{\"@type\":\"WebPage\",\"@id\":\"https:\/\/conclusao.pt\/portal\/event\/128-kfd-auxiliar-de-accao-medica-saude-b-learning-360h-6-formacao-em-b-learning-turma\/\",\"url\":\"https:\/\/conclusao.pt\/portal\/event\/128-kfd-auxiliar-de-accao-medica-saude-b-learning-360h-6-formacao-em-b-learning-turma\/\",\"name\":\"128\/KFD Auxiliar de Ac\u00e7\u00e3o M\u00e9dica\/Sa\u00fade (b-Learning) (360H) - 6 \u2013 Forma\u00e7\u00e3o em B-learning (turma) - Conclus\u00e3o - Estudos e Forma\u00e7\u00e3o\",\"isPartOf\":{\"@id\":\"https:\/\/conclusao.pt\/portal\/#website\"},\"datePublished\":\"2023-06-12T16:50:31+00:00\",\"dateModified\":\"2023-06-14T15:47:37+00:00\",\"breadcrumb\":{\"@id\":\"https:\/\/conclusao.pt\/portal\/event\/128-kfd-auxiliar-de-accao-medica-saude-b-learning-360h-6-formacao-em-b-learning-turma\/#breadcrumb\"},\"inLanguage\":\"pt-PT\",\"potentialAction\":[{\"@type\":\"ReadAction\",\"target\":[\"https:\/\/conclusao.pt\/portal\/event\/128-kfd-auxiliar-de-accao-medica-saude-b-learning-360h-6-formacao-em-b-learning-turma\/\"]}]},{\"@type\":\"BreadcrumbList\",\"@id\":\"https:\/\/conclusao.pt\/portal\/event\/128-kfd-auxiliar-de-accao-medica-saude-b-learning-360h-6-formacao-em-b-learning-turma\/#breadcrumb\",\"itemListElement\":[{\"@type\":\"ListItem\",\"position\":1,\"name\":\"In\u00edcio\",\"item\":\"https:\/\/conclusao.pt\/portal\/\"},{\"@type\":\"ListItem\",\"position\":2,\"name\":\"128\/KFD Auxiliar de Ac\u00e7\u00e3o M\u00e9dica\/Sa\u00fade (b-Learning) (360H) &#8211; 6 \u2013 Forma\u00e7\u00e3o em B-learning (turma)\"}]},{\"@type\":\"WebSite\",\"@id\":\"https:\/\/conclusao.pt\/portal\/#website\",\"url\":\"https:\/\/conclusao.pt\/portal\/\",\"name\":\"Conclus\u00e3o - Estudos e Forma\u00e7\u00e3o\",\"description\":\"A Conclus\u00e3o \u2013 Estudos e Forma\u00e7\u00e3o, Lda \u00e9 uma empresa que iniciou a sua atividade em 1987, tendo ao longo dos anos especializado na promo\u00e7\u00e3o de cursos de forma\u00e7\u00e3o profissional, na elabora\u00e7\u00e3o estudos e projetos e no desenvolvimento de atividades de consultoria empresarial.\",\"publisher\":{\"@id\":\"https:\/\/conclusao.pt\/portal\/#organization\"},\"potentialAction\":[{\"@type\":\"SearchAction\",\"target\":{\"@type\":\"EntryPoint\",\"urlTemplate\":\"https:\/\/conclusao.pt\/portal\/?s={search_term_string}\"},\"query-input\":{\"@type\":\"PropertyValueSpecification\",\"valueRequired\":true,\"valueName\":\"search_term_string\"}}],\"inLanguage\":\"pt-PT\"},{\"@type\":\"Organization\",\"@id\":\"https:\/\/conclusao.pt\/portal\/#organization\",\"name\":\"Conclus\u00e3o - Estudos e Forma\u00e7\u00e3o\",\"url\":\"https:\/\/conclusao.pt\/portal\/\",\"logo\":{\"@type\":\"ImageObject\",\"inLanguage\":\"pt-PT\",\"@id\":\"https:\/\/conclusao.pt\/portal\/#\/schema\/logo\/image\/\",\"url\":\"https:\/\/conclusao.pt\/portal\/wp-content\/uploads\/2023\/09\/cropped-logotipo.png\",\"contentUrl\":\"https:\/\/conclusao.pt\/portal\/wp-content\/uploads\/2023\/09\/cropped-logotipo.png\",\"width\":200,\"height\":65,\"caption\":\"Conclus\u00e3o - Estudos e Forma\u00e7\u00e3o\"},\"image\":{\"@id\":\"https:\/\/conclusao.pt\/portal\/#\/schema\/logo\/image\/\"},\"sameAs\":[\"https:\/\/www.facebook.com\/conclusaoformacao\/\",\"https:\/\/www.instagram.com\/conclusaolda\/\",\"https:\/\/www.linkedin.com\/company\/conclusao\/\"]}]}<\/script>\n<!-- \/ Yoast SEO plugin. -->","yoast_head_json":{"title":"128\/KFD Auxiliar de Ac\u00e7\u00e3o M\u00e9dica\/Sa\u00fade (b-Learning) (360H) - 6 \u2013 Forma\u00e7\u00e3o em B-learning (turma) - Conclus\u00e3o - Estudos e Forma\u00e7\u00e3o","robots":{"index":"index","follow":"follow","max-snippet":"max-snippet:-1","max-image-preview":"max-image-preview:large","max-video-preview":"max-video-preview:-1"},"canonical":"https:\/\/conclusao.pt\/portal\/event\/128-kfd-auxiliar-de-accao-medica-saude-b-learning-360h-6-formacao-em-b-learning-turma\/","og_locale":"pt_PT","og_type":"article","og_title":"128\/KFD Auxiliar de Ac\u00e7\u00e3o M\u00e9dica\/Sa\u00fade (b-Learning) (360H) - 6 \u2013 Forma\u00e7\u00e3o em B-learning (turma) - Conclus\u00e3o - Estudos e Forma\u00e7\u00e3o","og_url":"https:\/\/conclusao.pt\/portal\/event\/128-kfd-auxiliar-de-accao-medica-saude-b-learning-360h-6-formacao-em-b-learning-turma\/","og_site_name":"Conclus\u00e3o - Estudos e Forma\u00e7\u00e3o","article_publisher":"https:\/\/www.facebook.com\/conclusaoformacao\/","article_modified_time":"2023-06-14T15:47:37+00:00","twitter_card":"summary_large_image","schema":{"@context":"https:\/\/schema.org","@graph":[{"@type":"WebPage","@id":"https:\/\/conclusao.pt\/portal\/event\/128-kfd-auxiliar-de-accao-medica-saude-b-learning-360h-6-formacao-em-b-learning-turma\/","url":"https:\/\/conclusao.pt\/portal\/event\/128-kfd-auxiliar-de-accao-medica-saude-b-learning-360h-6-formacao-em-b-learning-turma\/","name":"128\/KFD Auxiliar de Ac\u00e7\u00e3o M\u00e9dica\/Sa\u00fade (b-Learning) (360H) - 6 \u2013 Forma\u00e7\u00e3o em B-learning (turma) - Conclus\u00e3o - Estudos e Forma\u00e7\u00e3o","isPartOf":{"@id":"https:\/\/conclusao.pt\/portal\/#website"},"datePublished":"2023-06-12T16:50:31+00:00","dateModified":"2023-06-14T15:47:37+00:00","breadcrumb":{"@id":"https:\/\/conclusao.pt\/portal\/event\/128-kfd-auxiliar-de-accao-medica-saude-b-learning-360h-6-formacao-em-b-learning-turma\/#breadcrumb"},"inLanguage":"pt-PT","potentialAction":[{"@type":"ReadAction","target":["https:\/\/conclusao.pt\/portal\/event\/128-kfd-auxiliar-de-accao-medica-saude-b-learning-360h-6-formacao-em-b-learning-turma\/"]}]},{"@type":"BreadcrumbList","@id":"https:\/\/conclusao.pt\/portal\/event\/128-kfd-auxiliar-de-accao-medica-saude-b-learning-360h-6-formacao-em-b-learning-turma\/#breadcrumb","itemListElement":[{"@type":"ListItem","position":1,"name":"In\u00edcio","item":"https:\/\/conclusao.pt\/portal\/"},{"@type":"ListItem","position":2,"name":"128\/KFD Auxiliar de Ac\u00e7\u00e3o M\u00e9dica\/Sa\u00fade (b-Learning) (360H) &#8211; 6 \u2013 Forma\u00e7\u00e3o em B-learning (turma)"}]},{"@type":"WebSite","@id":"https:\/\/conclusao.pt\/portal\/#website","url":"https:\/\/conclusao.pt\/portal\/","name":"Conclus\u00e3o - Estudos e Forma\u00e7\u00e3o","description":"A Conclus\u00e3o \u2013 Estudos e Forma\u00e7\u00e3o, Lda \u00e9 uma empresa que iniciou a sua atividade em 1987, tendo ao longo dos anos especializado na promo\u00e7\u00e3o de cursos de forma\u00e7\u00e3o profissional, na elabora\u00e7\u00e3o estudos e projetos e no desenvolvimento de atividades de consultoria empresarial.","publisher":{"@id":"https:\/\/conclusao.pt\/portal\/#organization"},"potentialAction":[{"@type":"SearchAction","target":{"@type":"EntryPoint","urlTemplate":"https:\/\/conclusao.pt\/portal\/?s={search_term_string}"},"query-input":{"@type":"PropertyValueSpecification","valueRequired":true,"valueName":"search_term_string"}}],"inLanguage":"pt-PT"},{"@type":"Organization","@id":"https:\/\/conclusao.pt\/portal\/#organization","name":"Conclus\u00e3o - Estudos e Forma\u00e7\u00e3o","url":"https:\/\/conclusao.pt\/portal\/","logo":{"@type":"ImageObject","inLanguage":"pt-PT","@id":"https:\/\/conclusao.pt\/portal\/#\/schema\/logo\/image\/","url":"https:\/\/conclusao.pt\/portal\/wp-content\/uploads\/2023\/09\/cropped-logotipo.png","contentUrl":"https:\/\/conclusao.pt\/portal\/wp-content\/uploads\/2023\/09\/cropped-logotipo.png","width":200,"height":65,"caption":"Conclus\u00e3o - Estudos e Forma\u00e7\u00e3o"},"image":{"@id":"https:\/\/conclusao.pt\/portal\/#\/schema\/logo\/image\/"},"sameAs":["https:\/\/www.facebook.com\/conclusaoformacao\/","https:\/\/www.instagram.com\/conclusaolda\/","https:\/\/www.linkedin.com\/company\/conclusao\/"]}]}},"uagb_featured_image_src":{"full":false,"thumbnail":false,"medium":false,"medium_large":false,"large":false,"1536x1536":false,"2048x2048":false,"woocommerce_thumbnail":false,"woocommerce_single":false,"woocommerce_gallery_thumbnail":false},"uagb_author_info":{"display_name":"Karma Design","author_link":"https:\/\/conclusao.pt\/portal\/author\/"},"uagb_comment_info":0,"uagb_excerpt":null,"_links":{"self":[{"href":"https:\/\/conclusao.pt\/portal\/wp-json\/wp\/v2\/event_listing\/4413","targetHints":{"allow":["GET"]}}],"collection":[{"href":"https:\/\/conclusao.pt\/portal\/wp-json\/wp\/v2\/event_listing"}],"about":[{"href":"https:\/\/conclusao.pt\/portal\/wp-json\/wp\/v2\/types\/event_listing"}],"wp:attachment":[{"href":"https:\/\/conclusao.pt\/portal\/wp-json\/wp\/v2\/media?parent=4413"}],"wp:term":[{"taxonomy":"event_listing_category","embeddable":true,"href":"https:\/\/conclusao.pt\/portal\/wp-json\/wp\/v2\/event_listing_category?post=4413"},{"taxonomy":"event_listing_type","embeddable":true,"href":"https:\/\/conclusao.pt\/portal\/wp-json\/wp\/v2\/event_listing_type?post=4413"}],"curies":[{"name":"wp","href":"https:\/\/api.w.org\/{rel}","templated":true}]}}

128/KFD Auxiliar de Acção Médica/Saúde (b-Learning) (360H) &#8211; 6 – Formação em B-learning (turma)

<!-- This site is optimized with the Yoast SEO plugin v26.5 - https://yoast.com/wordpress/plugins/seo/ -->
<title>128/KFD Auxiliar de Acção Médica/Saúde (b-Learning) (360H) - 6 – Formação em B-learning (turma) - Conclusão - Estudos e Formação</title>
<meta name="robots" content="index, follow, max-snippet:-1, max-image-preview:large, max-video-preview:-1" />
<link rel="canonical" href="https://conclusao.pt/portal/event/128-kfd-auxiliar-de-accao-medica-saude-b-learning-360h-6-formacao-em-b-learning-turma/" />
<meta property="og:locale" content="pt_PT" />
<meta property="og:type" content="article" />
<meta property="og:title" content="128/KFD Auxiliar de Acção Médica/Saúde (b-Learning) (360H) - 6 – Formação em B-learning (turma) - Conclusão - Estudos e Formação" />
<meta property="og:url" content="https://conclusao.pt/portal/event/128-kfd-auxiliar-de-accao-medica-saude-b-learning-360h-6-formacao-em-b-learning-turma/" />
<meta property="og:site_name" content="Conclusão - Estudos e Formação" />
<meta property="article:publisher" content="https://www.facebook.com/conclusaoformacao/" />
<meta property="article:modified_time" content="2023-06-14T15:47:37+00:00" />
<meta name="twitter:card" content="summary_large_image" />
<script type="application/ld+json" class="yoast-schema-graph">{"@context":"https://schema.org","@graph":[{"@type":"WebPage","@id":"https://conclusao.pt/portal/event/128-kfd-auxiliar-de-accao-medica-saude-b-learning-360h-6-formacao-em-b-learning-turma/","url":"https://conclusao.pt/portal/event/128-kfd-auxiliar-de-accao-medica-saude-b-learning-360h-6-formacao-em-b-learning-turma/","name":"128/KFD Auxiliar de Acção Médica/Saúde (b-Learning) (360H) - 6 – Formação em B-learning (turma) - Conclusão - Estudos e Formação","isPartOf":{"@id":"https://conclusao.pt/portal/#website"},"datePublished":"2023-06-12T16:50:31+00:00","dateModified":"2023-06-14T15:47:37+00:00","breadcrumb":{"@id":"https://conclusao.pt/portal/event/128-kfd-auxiliar-de-accao-medica-saude-b-learning-360h-6-formacao-em-b-learning-turma/#breadcrumb"},"inLanguage":"pt-PT","potentialAction":[{"@type":"ReadAction","target":["https://conclusao.pt/portal/event/128-kfd-auxiliar-de-accao-medica-saude-b-learning-360h-6-formacao-em-b-learning-turma/"]}]},{"@type":"BreadcrumbList","@id":"https://conclusao.pt/portal/event/128-kfd-auxiliar-de-accao-medica-saude-b-learning-360h-6-formacao-em-b-learning-turma/#breadcrumb","itemListElement":[{"@type":"ListItem","position":1,"name":"Início","item":"https://conclusao.pt/portal/"},{"@type":"ListItem","position":2,"name":"128/KFD Auxiliar de Acção Médica/Saúde (b-Learning) (360H) &#8211; 6 – Formação em B-learning (turma)"}]},{"@type":"WebSite","@id":"https://conclusao.pt/portal/#website","url":"https://conclusao.pt/portal/","name":"Conclusão - Estudos e Formação","description":"A Conclusão – Estudos e Formação, Lda é uma empresa que iniciou a sua atividade em 1987, tendo ao longo dos anos especializado na promoção de cursos de formação profissional, na elaboração estudos e projetos e no desenvolvimento de atividades de consultoria empresarial.","publisher":{"@id":"https://conclusao.pt/portal/#organization"},"potentialAction":[{"@type":"SearchAction","target":{"@type":"EntryPoint","urlTemplate":"https://conclusao.pt/portal/?s={search_term_string}"},"query-input":{"@type":"PropertyValueSpecification","valueRequired":true,"valueName":"search_term_string"}}],"inLanguage":"pt-PT"},{"@type":"Organization","@id":"https://conclusao.pt/portal/#organization","name":"Conclusão - Estudos e Formação","url":"https://conclusao.pt/portal/","logo":{"@type":"ImageObject","inLanguage":"pt-PT","@id":"https://conclusao.pt/portal/#/schema/logo/image/","url":"https://conclusao.pt/portal/wp-content/uploads/2023/09/cropped-logotipo.png","contentUrl":"https://conclusao.pt/portal/wp-content/uploads/2023/09/cropped-logotipo.png","width":200,"height":65,"caption":"Conclusão - Estudos e Formação"},"image":{"@id":"https://conclusao.pt/portal/#/schema/logo/image/"},"sameAs":["https://www.facebook.com/conclusaoformacao/","https://www.instagram.com/conclusaolda/","https://www.linkedin.com/company/conclusao/"]}]}</script>
<!-- / Yoast SEO plugin. -->

128/KFD Auxiliar de Acção Médica/Saúde (b-Learning) (360H) - 6 – Formação em B-learning (turma) - Conclusão - Estudos e Formação

Conclusão - Estudos e Formação

Início

A Conclusão – Estudos e Formação, Lda é uma empresa que iniciou a sua atividade em 1987, tendo ao longo dos anos especializado na promoção de cursos de formação profissional, na elaboração estudos e projetos e no desenvolvimento de atividades de consultoria empresarial.
